{"id":394,"date":"2022-08-18T20:08:22","date_gmt":"2022-08-18T18:08:22","guid":{"rendered":"https:\/\/acroellips.fr\/?post_type=product&#038;p=394"},"modified":"2022-08-19T15:30:59","modified_gmt":"2022-08-19T13:30:59","slug":"cours-particulier-a-domicile-parent-enfant-3-5-ans","status":"publish","type":"product","link":"https:\/\/acroellips.fr\/index.php\/produit\/cours-particulier-a-domicile-parent-enfant-3-5-ans\/","title":{"rendered":"Cours particulier (\u00e0 domicile) &#8211; Parent\/Enfant &#8211; 3 \/ 5 ans"},"content":{"rendered":"<p>Cours pour 1 adulte et 1 enfant \u00e0 partir de 3 ans<\/p>\n<p>Rayon de d\u00e9placement sans frais : 25km depuis Brissac-Quinc\u00e9<\/p>\n<p>&nbsp;<\/p>\n<p>&nbsp;<\/p>\n<p>Contactez-moi pour d\u00e9finir ensemble le cr\u00e9neau qui vous convient<\/p>\n<p>Par mail: \u00a0<a href=\"mailto:acroellips@gmail.com\">acroellips@gmail.com<\/a><\/p>\n<p>Par t\u00e9l\u00e9phone : 0632399819<\/p>\n<p>&nbsp;<\/p>\n<p>A bient\u00f4t !<\/p>\n","protected":false},"excerpt":{"rendered":"<p>Cours pour 1 adulte et 1 enfant \u00e0 partir de 3 ans Rayon de d\u00e9placement sans frais : 25km depuis Brissac-Quinc\u00e9 &nbsp; &nbsp; Contactez-moi pour d\u00e9finir ensemble le cr\u00e9neau qui vous convient Par mail: \u00a0acroellips@gmail.com Par t\u00e9l\u00e9phone : 0632399819 &nbsp; A bient\u00f4t !<\/p>\n","protected":false},"featured_media":401,"comment_status":"closed","ping_status":"closed","template":"","meta":{"ub_ctt_via":""},"product_cat":[21],"product_tag":[],"class_list":["post-394","product","type-product","status-publish","has-post-thumbnail","hentry","product_cat-cours-particuliers"],"yoast_head":"<!-- This site is optimized with the Yoast SEO plugin v27.5 - https:\/\/yoast.com\/product\/yoast-seo-wordpress\/ -->\n<title>Cours particulier (\u00e0 domicile) - Parent\/Enfant - 3 \/ 5 ans - AcroEllip&#039;s<\/title>\n<meta name=\"robots\" content=\"index, follow, max-snippet:-1, max-image-preview:large, max-video-preview:-1\" \/>\n<link rel=\"canonical\" href=\"https:\/\/acroellips.fr\/index.php\/produit\/cours-particulier-a-domicile-parent-enfant-3-5-ans\/\" \/>\n<meta property=\"og:locale\" content=\"fr_FR\" \/>\n<meta property=\"og:type\" content=\"article\" \/>\n<meta property=\"og:title\" content=\"Cours particulier (\u00e0 domicile) - Parent\/Enfant - 3 \/ 5 ans - AcroEllip&#039;s\" \/>\n<meta property=\"og:description\" content=\"Cours pour 1 adulte et 1 enfant \u00e0 partir de 3 ans Rayon de d\u00e9placement sans frais : 25km depuis Brissac-Quinc\u00e9 &nbsp; &nbsp; Contactez-moi pour d\u00e9finir ensemble le cr\u00e9neau qui vous convient Par mail: \u00a0acroellips@gmail.com Par t\u00e9l\u00e9phone : 0632399819 &nbsp; A bient\u00f4t !\" \/>\n<meta property=\"og:url\" content=\"https:\/\/acroellips.fr\/index.php\/produit\/cours-particulier-a-domicile-parent-enfant-3-5-ans\/\" \/>\n<meta property=\"og:site_name\" content=\"AcroEllip&#039;s\" \/>\n<meta property=\"article:publisher\" content=\"https:\/\/facebook.com\/acroellips\" \/>\n<meta property=\"article:modified_time\" content=\"2022-08-19T13:30:59+00:00\" \/>\n<meta property=\"og:image\" content=\"https:\/\/acroellips.fr\/wp-content\/uploads\/2022\/08\/acroyoga_acroellips_cours_particuliers-2.jpg\" \/>\n\t<meta property=\"og:image:width\" content=\"533\" \/>\n\t<meta property=\"og:image:height\" content=\"533\" \/>\n\t<meta property=\"og:image:type\" content=\"image\/jpeg\" \/>\n<meta name=\"twitter:card\" content=\"summary_large_image\" \/>\n<meta name=\"twitter:label1\" content=\"Dur\u00e9e de lecture estim\u00e9e\" \/>\n\t<meta name=\"twitter:data1\" content=\"1 minute\" \/>\n<script type=\"application\/ld+json\" class=\"yoast-schema-graph\">{\"@context\":\"https:\\\/\\\/schema.org\",\"@graph\":[{\"@type\":\"WebPage\",\"@id\":\"https:\\\/\\\/acroellips.fr\\\/index.php\\\/produit\\\/cours-particulier-a-domicile-parent-enfant-3-5-ans\\\/\",\"url\":\"https:\\\/\\\/acroellips.fr\\\/index.php\\\/produit\\\/cours-particulier-a-domicile-parent-enfant-3-5-ans\\\/\",\"name\":\"Cours particulier (\u00e0 domicile) - Parent\\\/Enfant - 3 \\\/ 5 ans - AcroEllip&#039;s\",\"isPartOf\":{\"@id\":\"https:\\\/\\\/acroellips.fr\\\/#website\"},\"primaryImageOfPage\":{\"@id\":\"https:\\\/\\\/acroellips.fr\\\/index.php\\\/produit\\\/cours-particulier-a-domicile-parent-enfant-3-5-ans\\\/#primaryimage\"},\"image\":{\"@id\":\"https:\\\/\\\/acroellips.fr\\\/index.php\\\/produit\\\/cours-particulier-a-domicile-parent-enfant-3-5-ans\\\/#primaryimage\"},\"thumbnailUrl\":\"https:\\\/\\\/acroellips.fr\\\/wp-content\\\/uploads\\\/2022\\\/08\\\/acroyoga_acroellips_cours_particuliers-2.jpg\",\"datePublished\":\"2022-08-18T18:08:22+00:00\",\"dateModified\":\"2022-08-19T13:30:59+00:00\",\"breadcrumb\":{\"@id\":\"https:\\\/\\\/acroellips.fr\\\/index.php\\\/produit\\\/cours-particulier-a-domicile-parent-enfant-3-5-ans\\\/#breadcrumb\"},\"inLanguage\":\"fr-FR\",\"potentialAction\":[{\"@type\":\"ReadAction\",\"target\":[\"https:\\\/\\\/acroellips.fr\\\/index.php\\\/produit\\\/cours-particulier-a-domicile-parent-enfant-3-5-ans\\\/\"]}]},{\"@type\":\"ImageObject\",\"inLanguage\":\"fr-FR\",\"@id\":\"https:\\\/\\\/acroellips.fr\\\/index.php\\\/produit\\\/cours-particulier-a-domicile-parent-enfant-3-5-ans\\\/#primaryimage\",\"url\":\"https:\\\/\\\/acroellips.fr\\\/wp-content\\\/uploads\\\/2022\\\/08\\\/acroyoga_acroellips_cours_particuliers-2.jpg\",\"contentUrl\":\"https:\\\/\\\/acroellips.fr\\\/wp-content\\\/uploads\\\/2022\\\/08\\\/acroyoga_acroellips_cours_particuliers-2.jpg\",\"width\":533,\"height\":533},{\"@type\":\"BreadcrumbList\",\"@id\":\"https:\\\/\\\/acroellips.fr\\\/index.php\\\/produit\\\/cours-particulier-a-domicile-parent-enfant-3-5-ans\\\/#breadcrumb\",\"itemListElement\":[{\"@type\":\"ListItem\",\"position\":1,\"name\":\"Accueil\",\"item\":\"https:\\\/\\\/acroellips.fr\\\/\"},{\"@type\":\"ListItem\",\"position\":2,\"name\":\"R\u00e9server un cours\",\"item\":\"https:\\\/\\\/acroellips.fr\\\/index.php\\\/les-cours\\\/\"},{\"@type\":\"ListItem\",\"position\":3,\"name\":\"Cours particulier (\u00e0 domicile) &#8211; Parent\\\/Enfant &#8211; 3 \\\/ 5 ans\"}]},{\"@type\":\"WebSite\",\"@id\":\"https:\\\/\\\/acroellips.fr\\\/#website\",\"url\":\"https:\\\/\\\/acroellips.fr\\\/\",\"name\":\"AcroEllip&#039;s\",\"description\":\"Cr\u00e9ateur de parenth\u00e8ses\",\"publisher\":{\"@id\":\"https:\\\/\\\/acroellips.fr\\\/#organization\"},\"potentialAction\":[{\"@type\":\"SearchAction\",\"target\":{\"@type\":\"EntryPoint\",\"urlTemplate\":\"https:\\\/\\\/acroellips.fr\\\/?s={search_term_string}\"},\"query-input\":{\"@type\":\"PropertyValueSpecification\",\"valueRequired\":true,\"valueName\":\"search_term_string\"}}],\"inLanguage\":\"fr-FR\"},{\"@type\":\"Organization\",\"@id\":\"https:\\\/\\\/acroellips.fr\\\/#organization\",\"name\":\"Acroellip's\",\"url\":\"https:\\\/\\\/acroellips.fr\\\/\",\"logo\":{\"@type\":\"ImageObject\",\"inLanguage\":\"fr-FR\",\"@id\":\"https:\\\/\\\/acroellips.fr\\\/#\\\/schema\\\/logo\\\/image\\\/\",\"url\":\"https:\\\/\\\/acroellips.fr\\\/wp-content\\\/uploads\\\/2022\\\/07\\\/acroellips.jpg\",\"contentUrl\":\"https:\\\/\\\/acroellips.fr\\\/wp-content\\\/uploads\\\/2022\\\/07\\\/acroellips.jpg\",\"width\":111,\"height\":104,\"caption\":\"Acroellip's\"},\"image\":{\"@id\":\"https:\\\/\\\/acroellips.fr\\\/#\\\/schema\\\/logo\\\/image\\\/\"},\"sameAs\":[\"https:\\\/\\\/facebook.com\\\/acroellips\",\"https:\\\/\\\/instagram.com\\\/acroellips\"]}]}<\/script>\n<!-- \/ Yoast SEO plugin. -->","yoast_head_json":{"title":"Cours particulier (\u00e0 domicile) - Parent\/Enfant - 3 \/ 5 ans - AcroEllip&#039;s","robots":{"index":"index","follow":"follow","max-snippet":"max-snippet:-1","max-image-preview":"max-image-preview:large","max-video-preview":"max-video-preview:-1"},"canonical":"https:\/\/acroellips.fr\/index.php\/produit\/cours-particulier-a-domicile-parent-enfant-3-5-ans\/","og_locale":"fr_FR","og_type":"article","og_title":"Cours particulier (\u00e0 domicile) - Parent\/Enfant - 3 \/ 5 ans - AcroEllip&#039;s","og_description":"Cours pour 1 adulte et 1 enfant \u00e0 partir de 3 ans Rayon de d\u00e9placement sans frais : 25km depuis Brissac-Quinc\u00e9 &nbsp; &nbsp; Contactez-moi pour d\u00e9finir ensemble le cr\u00e9neau qui vous convient Par mail: \u00a0acroellips@gmail.com Par t\u00e9l\u00e9phone : 0632399819 &nbsp; A bient\u00f4t !","og_url":"https:\/\/acroellips.fr\/index.php\/produit\/cours-particulier-a-domicile-parent-enfant-3-5-ans\/","og_site_name":"AcroEllip&#039;s","article_publisher":"https:\/\/facebook.com\/acroellips","article_modified_time":"2022-08-19T13:30:59+00:00","og_image":[{"width":533,"height":533,"url":"https:\/\/acroellips.fr\/wp-content\/uploads\/2022\/08\/acroyoga_acroellips_cours_particuliers-2.jpg","type":"image\/jpeg"}],"twitter_card":"summary_large_image","twitter_misc":{"Dur\u00e9e de lecture estim\u00e9e":"1 minute"},"schema":{"@context":"https:\/\/schema.org","@graph":[{"@type":"WebPage","@id":"https:\/\/acroellips.fr\/index.php\/produit\/cours-particulier-a-domicile-parent-enfant-3-5-ans\/","url":"https:\/\/acroellips.fr\/index.php\/produit\/cours-particulier-a-domicile-parent-enfant-3-5-ans\/","name":"Cours particulier (\u00e0 domicile) - Parent\/Enfant - 3 \/ 5 ans - AcroEllip&#039;s","isPartOf":{"@id":"https:\/\/acroellips.fr\/#website"},"primaryImageOfPage":{"@id":"https:\/\/acroellips.fr\/index.php\/produit\/cours-particulier-a-domicile-parent-enfant-3-5-ans\/#primaryimage"},"image":{"@id":"https:\/\/acroellips.fr\/index.php\/produit\/cours-particulier-a-domicile-parent-enfant-3-5-ans\/#primaryimage"},"thumbnailUrl":"https:\/\/acroellips.fr\/wp-content\/uploads\/2022\/08\/acroyoga_acroellips_cours_particuliers-2.jpg","datePublished":"2022-08-18T18:08:22+00:00","dateModified":"2022-08-19T13:30:59+00:00","breadcrumb":{"@id":"https:\/\/acroellips.fr\/index.php\/produit\/cours-particulier-a-domicile-parent-enfant-3-5-ans\/#breadcrumb"},"inLanguage":"fr-FR","potentialAction":[{"@type":"ReadAction","target":["https:\/\/acroellips.fr\/index.php\/produit\/cours-particulier-a-domicile-parent-enfant-3-5-ans\/"]}]},{"@type":"ImageObject","inLanguage":"fr-FR","@id":"https:\/\/acroellips.fr\/index.php\/produit\/cours-particulier-a-domicile-parent-enfant-3-5-ans\/#primaryimage","url":"https:\/\/acroellips.fr\/wp-content\/uploads\/2022\/08\/acroyoga_acroellips_cours_particuliers-2.jpg","contentUrl":"https:\/\/acroellips.fr\/wp-content\/uploads\/2022\/08\/acroyoga_acroellips_cours_particuliers-2.jpg","width":533,"height":533},{"@type":"BreadcrumbList","@id":"https:\/\/acroellips.fr\/index.php\/produit\/cours-particulier-a-domicile-parent-enfant-3-5-ans\/#breadcrumb","itemListElement":[{"@type":"ListItem","position":1,"name":"Accueil","item":"https:\/\/acroellips.fr\/"},{"@type":"ListItem","position":2,"name":"R\u00e9server un cours","item":"https:\/\/acroellips.fr\/index.php\/les-cours\/"},{"@type":"ListItem","position":3,"name":"Cours particulier (\u00e0 domicile) &#8211; Parent\/Enfant &#8211; 3 \/ 5 ans"}]},{"@type":"WebSite","@id":"https:\/\/acroellips.fr\/#website","url":"https:\/\/acroellips.fr\/","name":"AcroEllip&#039;s","description":"Cr\u00e9ateur de parenth\u00e8ses","publisher":{"@id":"https:\/\/acroellips.fr\/#organization"},"potentialAction":[{"@type":"SearchAction","target":{"@type":"EntryPoint","urlTemplate":"https:\/\/acroellips.fr\/?s={search_term_string}"},"query-input":{"@type":"PropertyValueSpecification","valueRequired":true,"valueName":"search_term_string"}}],"inLanguage":"fr-FR"},{"@type":"Organization","@id":"https:\/\/acroellips.fr\/#organization","name":"Acroellip's","url":"https:\/\/acroellips.fr\/","logo":{"@type":"ImageObject","inLanguage":"fr-FR","@id":"https:\/\/acroellips.fr\/#\/schema\/logo\/image\/","url":"https:\/\/acroellips.fr\/wp-content\/uploads\/2022\/07\/acroellips.jpg","contentUrl":"https:\/\/acroellips.fr\/wp-content\/uploads\/2022\/07\/acroellips.jpg","width":111,"height":104,"caption":"Acroellip's"},"image":{"@id":"https:\/\/acroellips.fr\/#\/schema\/logo\/image\/"},"sameAs":["https:\/\/facebook.com\/acroellips","https:\/\/instagram.com\/acroellips"]}]}},"featured_media_urls":{"thumbnail":["https:\/\/acroellips.fr\/wp-content\/uploads\/2022\/08\/acroyoga_acroellips_cours_particuliers-2-150x150.jpg",150,150,true],"medium":["https:\/\/acroellips.fr\/wp-content\/uploads\/2022\/08\/acroyoga_acroellips_cours_particuliers-2-300x300.jpg",300,300,true],"medium_large":["https:\/\/acroellips.fr\/wp-content\/uploads\/2022\/08\/acroyoga_acroellips_cours_particuliers-2.jpg",533,533,false],"large":["https:\/\/acroellips.fr\/wp-content\/uploads\/2022\/08\/acroyoga_acroellips_cours_particuliers-2.jpg",533,533,false],"1536x1536":["https:\/\/acroellips.fr\/wp-content\/uploads\/2022\/08\/acroyoga_acroellips_cours_particuliers-2.jpg",533,533,false],"2048x2048":["https:\/\/acroellips.fr\/wp-content\/uploads\/2022\/08\/acroyoga_acroellips_cours_particuliers-2.jpg",533,533,false],"inspiro-featured-image":["https:\/\/acroellips.fr\/wp-content\/uploads\/2022\/08\/acroyoga_acroellips_cours_particuliers-2.jpg",533,533,false],"inspiro-loop":["https:\/\/acroellips.fr\/wp-content\/uploads\/2022\/08\/acroyoga_acroellips_cours_particuliers-2-533x320.jpg",533,320,true],"inspiro-loop@2x":["https:\/\/acroellips.fr\/wp-content\/uploads\/2022\/08\/acroyoga_acroellips_cours_particuliers-2.jpg",533,533,false],"woocommerce_thumbnail":["https:\/\/acroellips.fr\/wp-content\/uploads\/2022\/08\/acroyoga_acroellips_cours_particuliers-2-300x300.jpg",300,300,true],"woocommerce_single":["https:\/\/acroellips.fr\/wp-content\/uploads\/2022\/08\/acroyoga_acroellips_cours_particuliers-2.jpg",533,533,false],"woocommerce_gallery_thumbnail":["https:\/\/acroellips.fr\/wp-content\/uploads\/2022\/08\/acroyoga_acroellips_cours_particuliers-2-100x100.jpg",100,100,true],"shop_catalog":["https:\/\/acroellips.fr\/wp-content\/uploads\/2022\/08\/acroyoga_acroellips_cours_particuliers-2-300x300.jpg",300,300,true],"shop_single":["https:\/\/acroellips.fr\/wp-content\/uploads\/2022\/08\/acroyoga_acroellips_cours_particuliers-2.jpg",533,533,false],"shop_thumbnail":["https:\/\/acroellips.fr\/wp-content\/uploads\/2022\/08\/acroyoga_acroellips_cours_particuliers-2-100x100.jpg",100,100,true],"portfolio_item-thumbnail":["https:\/\/acroellips.fr\/wp-content\/uploads\/2022\/08\/acroyoga_acroellips_cours_particuliers-2-533x400.jpg",533,400,true],"portfolio_item-thumbnail@2x":["https:\/\/acroellips.fr\/wp-content\/uploads\/2022\/08\/acroyoga_acroellips_cours_particuliers-2.jpg",533,533,false],"portfolio_item-masonry":["https:\/\/acroellips.fr\/wp-content\/uploads\/2022\/08\/acroyoga_acroellips_cours_particuliers-2.jpg",533,533,false],"portfolio_item-masonry@2x":["https:\/\/acroellips.fr\/wp-content\/uploads\/2022\/08\/acroyoga_acroellips_cours_particuliers-2.jpg",533,533,false],"portfolio_item-thumbnail_cinema":["https:\/\/acroellips.fr\/wp-content\/uploads\/2022\/08\/acroyoga_acroellips_cours_particuliers-2-533x335.jpg",533,335,true],"portfolio_item-thumbnail_portrait":["https:\/\/acroellips.fr\/wp-content\/uploads\/2022\/08\/acroyoga_acroellips_cours_particuliers-2.jpg",533,533,false],"portfolio_item-thumbnail_portrait@2x":["https:\/\/acroellips.fr\/wp-content\/uploads\/2022\/08\/acroyoga_acroellips_cours_particuliers-2.jpg",533,533,false],"portfolio_item-thumbnail_square":["https:\/\/acroellips.fr\/wp-content\/uploads\/2022\/08\/acroyoga_acroellips_cours_particuliers-2.jpg",533,533,false]},"_links":{"self":[{"href":"https:\/\/acroellips.fr\/index.php\/wp-json\/wp\/v2\/product\/394","targetHints":{"allow":["GET"]}}],"collection":[{"href":"https:\/\/acroellips.fr\/index.php\/wp-json\/wp\/v2\/product"}],"about":[{"href":"https:\/\/acroellips.fr\/index.php\/wp-json\/wp\/v2\/types\/product"}],"replies":[{"embeddable":true,"href":"https:\/\/acroellips.fr\/index.php\/wp-json\/wp\/v2\/comments?post=394"}],"wp:featuredmedia":[{"embeddable":true,"href":"https:\/\/acroellips.fr\/index.php\/wp-json\/wp\/v2\/media\/401"}],"wp:attachment":[{"href":"https:\/\/acroellips.fr\/index.php\/wp-json\/wp\/v2\/media?parent=394"}],"wp:term":[{"taxonomy":"product_cat","embeddable":true,"href":"https:\/\/acroellips.fr\/index.php\/wp-json\/wp\/v2\/product_cat?post=394"},{"taxonomy":"product_tag","embeddable":true,"href":"https:\/\/acroellips.fr\/index.php\/wp-json\/wp\/v2\/product_tag?post=394"}],"curies":[{"name":"wp","href":"https:\/\/api.w.org\/{rel}","templated":true}]}}